eatest common divisor of 384 and 1003164?
12
What is the greatest common divisor of 6362928 and 1040?
208
Calculate the highest common divisor of 15502256 and 2464.
1232
Calculate the greatest common factor of 28576395 and 135.
135
What is the greatest common divisor of 1785 and 10899567?
357
What is the greatest common divisor of 231 and 2626734?
33
What is the highest common divisor of 24200752 and 28?
4
What is the highest common divisor of 1763617 and 253?
23
Calculate the highest common factor of 893889 and 1350.
27
What is the highest common divisor of 91866 and 998814?
366
What is the highest common divisor of 5888 and 17644864?
1472
Calculate the greatest common divisor of 7856 and 3501812.
1964
What is the highest common divisor of 96771249 and 871?
67
Calculate the highest common factor of 57120 and 2103600.
240
Calculate the greatest common factor of 507373 and 4397773.
1621
What is the greatest common divisor of 46044 and 24301?
1279
What is the greatest common factor of 10078140 and 3924?
1308
Calculate the highest common divisor of 14640513 and 20053.
1823
What is the highest common factor of 44713265 and 7325?
1465
What is the greatest common divisor of 4997 and 3785807?
19
What is the highest common factor of 9641980 and 1840?
20
Calculate the greatest common factor of 111060595 and 205.
205
Calculate the highest common divisor of 298004 and 511231.
2569
Calculate the greatest common factor of 196340 and 264620.
20
Calculate the highest common divisor of 567325 and 960575.
275
What is the greatest common divisor of 831042 and 1962?
18
What is the highest common divisor of 12120334 and 183?
61
Calculate the greatest common factor of 66011 and 478533.
187
What is the highest common divisor of 315592524 and 78?
78
What is the highest common divisor of 4416 and 55368?
24
Calculate the highest common factor of 1845 and 263218770.
1845
What is the highest common divisor of 67510 and 1122236?
314
Calculate the highest common factor of 32385 and 111594.
3
Calculate the greatest common factor of 164087 and 2387.
77
Calculate the highest common factor of 3033 and 118224.
9
What is the highest common divisor of 628 and 31298735?
157
Calculate the greatest common factor of 1731 and 81203518.
577
Calculate the greatest common divisor of 31285535 and 259.
37
Calculate the highest common divisor of 174 and 46548306.
174
What is the greatest common factor of 3501 and 7559048?
389
What is the highest common divisor of 2204 and 38498921?
551
What is the greatest common divisor of 44149866 and 246?
246
Calculate the greatest common divisor of 41088 and 390550.
214
What is the highest common factor of 79418987 and 1721?
1721
What is the highest common divisor of 18 and 9885951?
9
What is the highest common factor of 54080 and 4790?
10
Calculate the greatest common factor of 26666 and 1987214.
398
What is the greatest common factor of 1483419 and 31479?
21
What is the greatest common divisor of 12624 and 2934028?
1052
Calculate the greatest common divisor of 121600 and 3192.
152
Calculate the greatest common divisor of 76092414 and 372.
186
Calculate the greatest common factor of 42646422 and 364.
182
Calculate the highest common divisor of 616997864 and 952.
952
What is the greatest common factor of 2248514 and 172750?
1382
What is the highest common divisor of 549 and 11866617?
9
Calculate the highest common divisor of 1037 and 5700999.
61
What is the greatest common divisor of 36883198 and 10763?
229
Calculate the greatest common divisor of 2343 and 1413357.
33
Calculate the greatest common divisor of 642801 and 277833.
111
Calculate the greatest common divisor of 10360 and 1553482.
518
What is the greatest common factor of 13507284 and 399396?
4812
Calculate the greatest common divisor of 438 and 500561.
73
Calculate the highest common factor of 870 and 7468863.
87
What is the greatest common factor of 200828244 and 156?
12
Calculate the greatest common divisor of 1935 and 6758295.
15
What is the greatest common factor of 19540416 and 296205?
4557
What is the greatest common divisor of 25728 and 1914324?
804
What is the greatest common factor of 4142703 and 285?
57
What is the greatest common divisor of 77841 and 736614?
81
What is the highest common divisor of 252 and 345610548?
36
What is the highest common factor of 947036 and 29?
1
Calculate the highest common factor of 49 and 24369247.
7
What is the greatest common factor of 82407173 and 6621?
2207
What is the greatest common divisor of 174829837 and 26?
13
Calculate the greatest common factor of 2886617 and 456773.
4709
What is the greatest common divisor of 48 and 43555152?
48
Calculate the greatest common divisor of 78 and 368016324.
78
What is the greatest common factor of 875550 and 91338?
78
What is the greatest common factor of 3 and 1193945529?
3
Calculate the highest common divisor of 42 and 18326283.
3
What is the highest common factor of 14580 and 860556?
12
What is the greatest common divisor of 7 and 734807?
1
What is the highest common factor of 130897242 and 870?
174
Calculate the highest common divisor of 86219 and 11900.
7
Calculate the highest common divisor of 603 and 1863819.
9
Calculate the highest common factor of 6 and 8316843.
3
Calculate the greatest common divisor of 1950983921 and 67.
67
Calculate the greatest common divisor of 138 and 164258778.
138
What is the greatest common divisor of 9562348 and 6567?
199
Calculate the highest common divisor of 587446153 and 11228.
2807
What is the highest common factor of 2718 and 30580218?
2718
Calculate the highest common divisor of 25026 and 9975054.
258
What is the highest common divisor of 86464 and 1022784?
448
What is the highest common factor of 2566 and 9459559?
1283
Calculate the highest common divisor of 740 and 1259308.
4
What is the highest common divisor of 797765 and 5505?
5
Calculate the greatest common divisor of 11484 and 116090712.
1044
Calculate the highest common factor of 98020 and 667.
29
Calculate the greatest common factor of 111516221 and 1515.
101
What is the highest common factor of 74 and 84232387?
37
Calculate the greatest common divisor of 2632 and 65247938.
658
Calculate the highest common factor of 133667 and 281505.
383
What is the highest common divisor of 259072515 and 1170?
585
Calculate the greatest common factor of 3435900 and 65.
65
Calculate the highest common factor of 831126 and 27903.
213
What is the greatest common factor of 143888 and 130594?
782
Calculate the highest common divisor of 7990 and 116794060.
470
What is the highest common divisor of 478 and 76569386?
478
What is the highest common factor of 65 and 45930625?
65
What is the greatest common factor of 8764 and 79993410?
4382
What is the highest common factor of 797629500 and 6000?
1500
Calculate the highest common factor of 6794 and 215387.
43
Calculate the highest common divisor of 162 and 9097776.
18
What is the highest common divisor of 64 and 3730224?
16
Calculate the highest common divisor of 10100 and 19854580.
2020
What is the greatest common divisor of 10037384 and 16?
8
What is the greatest common divisor of 107498475 and 975?
75
Calculate the greatest common divisor of 188944248 and 48.
24
What is the greatest common factor of 110 and 10433841?
11
Calculate the greatest common factor of 39940104 and 108.
12
What is the highest common factor of 762 and 5726176?
254
What is the highest common divisor of 4046039 and 64637?
593
Calculate the highest common divisor of 65773 and 853247.
901
What is the greatest common divisor of 2308498836 and 4436?
4436
What is the greatest common divisor of 5864597 and 38?
19
Calculate the greatest common factor of 848 and 11931232.
16
Calculate the greatest common divisor of 9948798 and 2088.
522
What is the greatest common factor of 10521450 and 4318675?
5675
Calculate the greatest common divisor of 11510663 and 2923.
37
What is the greatest common factor of 412670034 and 71?
71
Calculate the highest common divisor of 113948388 and 108.
36
Calculate the greatest common factor of 483212072 and 224.
56
Calculate the highest common divisor of 48 and 14365712.
16
Calculate the highest common divisor of 3596345 and 6195.
295
Calculate the greatest common factor of 32712 and 425